, 2*y = 7*i - 526509. What is the tens digit of i?
1
Let a(n) = -4*n**2 + 139*n - 418. What is the units digit of a(28)?
8
Suppose 106237 + 6629 = 2*w - 3*j, 4*j - 169316 = -3*w. What is the ten thousands digit of w?
5
Let f(i) = 6768*i + 69. Let k be f(3). Suppose 0 = -48*d + 16731 + k. What is the hundreds digit of d?
7
Suppose -n + 5*u + 26 = 0, 9*n = 4*n - 5*u + 130. Let q = 28 - -16. Suppose -5*t + q + n = 0. What is the tens digit of t?
1
Let p(h) be the third derivative of -187*h**6/60 - h**5/60 + h**4/24 + 2*h**3/3 - 112*h**2. What is the units digit of p(-1)?
6
Suppose 6 = 9*h - 12. Suppose 4*x + 988 = 4*n, h*n - 721 = -n - 2*x. Let a = -137 + n. What is the units digit of a?
6
Let r(j) = j**3 - 85*j**2 + 170*j + 588. What is the hundreds digit of r(83)?
9
Let n = 303 + -290. Suppose 34*f = n*f + 672. What is the units digit of f?
2
Let q(n) = n + 9. Let m be q(-14). Let l be -30*1*8/m. Let i = l + 8. What is the tens digit of i?
5
Let p = -39853 + 57743. What is the ten thousands digit of p?
1
Let w(y) = -4*y**3 + 4*y**2 - 31*y - 36. What is the ten thousands digit of w(-18)?
2
Let o(x) = -2*x**2 - 8*x - 11. Let i be o(-5). Let j = i + 25. Suppose -96 = -j*h + 188. What is the tens digit of h?
7
Let a(t) = 4*t**2 + 7*t - 2. Suppose 2*r - 5*z = -3*z - 128, 0 = -3*z - 3. Let u = -71 - r. What is the units digit of a(u)?
0
Let k(a) = a + 35. Let f be k(-17). Let l = f + -3. What is the tens digit of 8*(l/(-12))/(-1)?
1
Suppose -5*z = 16 - 26, 3*x - 74335 = -5*z. Suppose 0 = 15*q + 6790 - x. What is the thousands digit of q?
1
Let a(h) = 5*h**3 + 3*h**2 - 4. Let p(m) = -m**3 + 8*m**2 - 4*m - 16. Let o be p(7). Let j be a(o). What is the tens digit of j/10 + 30/(-50)?
6
Suppose -5*f - 59 = -34, 2*t = 2*f + 5094. What is the units digit of t?
2
Let v(m) = 18*m**2 + 4*m. Let l be v(-3). Suppose -344 + 224 = 8*w. What is the units digit of (l - w) + (-1)/1*-3?
8
Suppose 3*p - 36 = 5*n, 4*n + 0 = -2*p + 24. Suppose p*m - 16*m = -1176. What is the units digit of m?
4
Let p = -253 + 848. Suppose -p = -9*r + 2600. What is the hundreds digit of r?
3
Let q be (14/105 - (-443)/(-60))*-16. What is the tens digit of q*((-138)/(-24) + -1)?
5
Let v be ((-27)/36)/((-3)/(-2))*-33338. Suppose 9375 = 34*q - v. What is the units digit of q?
6
Suppose 5 = 3*k - 2*j, k - 5*j = -4*j + 1. Suppose -k*a + 873 - 216 = 0. What is the tens digit of a?
1
Suppose -6 = a - n, 4*a - 4*n + 16 = 8*a. Let k(b) = b**3 + 2*b**2 - 5*b - 2. Let p be k(-3). What is the units digit of ((-325)/20)/(a/p)?
5
Let z = 187 - 72. Let x = z - -91. What is the hundreds digit of x?
2
Let u(p) = 18*p**2 - 10*p - 1. Suppose 64 = 412*d - 420*d. What is the hundreds digit of u(d)?
2
Let f(z) = 11*z**2 - 3*z + 2. Suppose 3*j - 1 = -7. Let h = -5 - j. What is the hundreds digit of f(h)?
1
Suppose 3*j + 149 = -7. Let t = j - -740. What is the tens digit of t?
8
Let t(s) = 15*s**3 + s**2 + 2*s - 1. Let b be t(-2). Let j = -766 + 831. Let y = j - b. What is the tens digit of y?
8
Suppose 5*v + h = 142, -6 = 2*v - h - 60. Let q = -26 + v. Suppose -5*s - 176 = t - 722, 0 = q*s + 4*t - 204. What is the hundreds digit of s?
1
Suppose r - 20 = -4*r. Let v = 3025 + -3023. Suppose 0 = -r*p - c + 66, -4*c + v*c = 5*p - 81. What is the tens digit of p?
1
Suppose -2*x - 534 + 6 = 0. Let b = 537 + x. Suppose -3*h = -0*h - b. What is the tens digit of h?
9
Let s(q) = q + 12. Suppose g - 6 = -3*v, g - 6*g - 25 = 4*v. Let l be s(g). Suppose d + 0*d - 6 = -2*k, -k - 4*d = -l. What is the units digit of k?
3
Let q(o) = -148*o + 14. Let s be (4/8)/(3/(-36)). What is the hundreds digit of q(s)?
9
Suppose 5*f + 49 = c, 0*c - 2*c + 3*f + 119 = 0. What is the hundreds digit of 240/(-1 + 3) + (66 - c)?
1
Let r(j) = 3*j**2 + 4*j. Let i be r(-2). Suppose -i*o - w + 148 = 0, 3*o - 2*w - 111 = -6*w. What is the tens digit of o?
3
Suppose p + m - 217 = 148, 3*p + m - 1091 = 0. Let b = 704 - p. What is the units digit of b?
1
Let g(t) = -1 + 7 + 9 + 3*t + 11. Let r be g(-7). Suppose -3*h + 85 = -2*u, h - r*u - 35 = -u. What is the units digit of h?
7
Suppose 29*i - 78*i + 6517 = 0. Let z = 242 + i. What is the units digit of z?
5
Suppose 0 = 4*b - 6*b. Suppose b = -s + 5*s - 192. Suppose -3*o = -s - 90. What is the tens digit of o?
4
Let g be 15/9 + 4/12. Suppose 0 = 2*j + g*b + b + 267, -2*j = 5*b + 261. Let c = j + 206. What is the tens digit of c?
6
What is the thousands digit of 500*((-1 + -104)/(-3) + 6/(-8))?
7
What is the hundreds digit of (((-6438)/(-16))/(39/52))/((-1)/(-114))?
1
Let q(h) = 3*h**3 - 7*h**2 - h + 8. Let m(t) = 3*t**3 - 8*t**2 + 8. Let j(w) = 3*m(w) - 4*q(w). What is the tens digit of j(-3)?
9
Suppose 17*a - 30 = 20*a. Let v = 1 - a. What is the units digit of v?
1
Let g = -42 - -44. Suppose 0 = 3*w + g*w. Suppose -5*l + 3*q = -163, w = -2*q + 4 - 6. What is the units digit of l?
2
Suppose -2*s + 58651 = 5*t, -34*s - 35195 = -3*t - 33*s. What is the ten thousands digit of t?
1
Suppose 18 = -4*n + 2. Let m be 22/26 - n/26. Suppose b - m = 66. What is the units digit of b?
7
Let j = -432 + 514. Suppose j*g = 79*g + 639. What is the hundreds digit of g?
2
Suppose -2*a - 4*l - 20 = 0, -3*a - 4*l - 5 = -3*l. Suppose 5*g - 20 = -a. What is the units digit of (0 - (-1)/g)/(1/12)?
3
Suppose 2*k - 4*t = 90844, t + 14 = -t. What is the hundreds digit of k?
4
Suppose -2*r = 13 + 43. What is the thousands digit of r/266 - (-68290)/38?
1
Let p(v) = -v**3 - 9*v**2 - 17*v - 9. Let g be p(-4). What is the units digit of 68471/161 - (-6)/g?
5
Suppose 0 = -4*o - 70 + 266. Suppose 45*i - 38*i - o = 0. What is the units digit of -7 + i - (-2 - 5)?
7
Suppose 11*w = 8*w + 2*q + 82135, 5*w - 2*q = 136885. What is the thousands digit of w?
7
Suppose 0 = n - 11*n + 2320. Suppose 4*l + n = 3*l. Let j = -146 - l. What is the units digit of j?
6
Let x(p) = p**2 + 4*p - 68. What is the thousands digit of x(-66)?
4
Suppose 4869 = i - 3*x, -13*x = 6*i - 14*x - 29095. What is the units digit of i?
8
Suppose 7*o - 64374 = -0*i - i, -2*o + 18402 = 5*i. What is the tens digit of o?
9
Let j be (216/21)/(9/42). Suppose -62*f + j = -60*f. What is the tens digit of f?
2
Let w = 349 + -546. Let y = w + 429. What is the units digit of y?
2
Suppose 3317 = 103*z + 433. Suppose 4*c - 8 = -2*k + 2*c, k - 2*c = 7. Let d = z + k. What is the units digit of d?
3
Let f(v) = 13*v**2 - v - 5. Let u(p) = 38*p**2 - 4*p - 14. Let y(t) = 17*f(t) - 6*u(t). Let i be y(-5). Let k = i + 355. What is the units digit of k?
4
Let j(r) = -3381*r + 707. What is the hundreds digit of j(-5)?
6
Let t(y) = -5*y + 47. Let a be t(7). Suppose -k = a*k - 5824. What is the units digit of k?
8
Suppose 3*c + 5*n = 24, 17*c = 22*c + 4*n - 27. Suppose -2785 = -5*g + 3*z - 595, -2*g + c*z = -885. What is the tens digit of g?
3
What is the thousands digit of (3588/(-52))/((-2)/326*3)?
3
What is the ten thousands digit of 11/((-99)/45) + (-277905)/(-5) - -4?
5
Suppose 1584 = 39*x - 31*x. Let r = 135 + x. What is the units digit of r?
3
Let k be 4/(-6) + 3660/(-18). What is the units digit of (-3 - (-253)/22)*k/(-2)?
7
Suppose 0 = 48*b - 32122 - 208166. Suppose -4*d + b = 5*f, 136 = -d - f + 1388. What is the units digit of d?
4
Suppose -279*d + y = -274*d - 93101, 2*d - 2*y = 37226. What is the ten thousands digit of d?
1
Suppose 180 = -4*h - h. Let c = h + 26. What is the units digit of ((-465)/(-25))/((-2)/c)?
3
Let d = -5221 + 8391. Let j = -2229 + d. What is the units digit of j?
1
Let c = 1239 + -921. Let l = 366 - 562. Let g = l + c. What is the units digit of g?
2
Suppose -192 = -12*t - 0*t. What is the tens digit of 4740/16 - 4/t?
9
Suppose -v + 4*n = n + 6, 0 = 4*n - 8. Suppose 5*p + 10 = v, z + p + 10 = 2*z. Suppose -3*c + z = -196. What is the tens digit of c?
6
Let b = -124 + 129. Suppose -b*q = -t - 1573, 28*q + t = 31*q - 943. What is the units digit of q?
5
Let u(l) = -l**3 + 3*l**2 + 7*l - 10. Let v be u(4). Suppose v*n = -7 + 17. Suppose -n*m + 107 = -273. What is the tens digit of m?
7
Suppose 2*s + 3*u - 378 = 0, -s + 2*u = -4*s + 557. Let l = s + 70. Let w = l + -165. What is the units digit of w?
8
Let h(c) = 2493*c**2 - 96*c + 186. What is the hundreds digit of h(2)?
9
Let l(c) = 2*c**3 - 11*c**2 + 5*c + 6. Suppose -1 = v - 3*u + 6, 5*v + 5*u = 5. Let q